
Let y(h) = -h**3 + 4*h**2 + 4*h + 7. Let c be y(5). Suppose 4*w - 20 = -z, c*z + 32 = 4*w - 0*z. Let p = w + 47. What is the units digit of p?
3
Let o = -14 - -18. Suppose -8*p + 20 = -o*p. Suppose -4*a - 4*f = -3*a - 54, -p*a + 4*f = -222. What is the units digit of a?
6
Let u = -607 + 868. What is the units digit of u?
1
Let q(h) = -h**2 - 7*h + 3. Let i be q(-7). What is the tens digit of 24 + (8 + -4 - i)?
2
Let j = 0 + 7. Let r = 9 - j. Suppose -3*h = r*h - 210. What is the units digit of h?
2
Let y(c) = 4 - 2*c**2 + 320*c - 308*c + c**2. Let i(u) = 2*u**2 - 2*u - 4. Let d be i(3). What is the units digit of y(d)?
6
Let f = -53 - -59. Let k(h) = h + 11. What is the units digit of k(f)?
7
Let l(g) = g**3 + 16*g**2 + 7*g + 23. What is the units digit of l(-15)?
3
What is the units digit of 140 - ((2 - -6) + -2)?
4
Let g(f) = -9*f + 14. Let j(i) = 10*i - 14. Let u(k) = 6*g(k) + 5*j(k). What is the units digit of u(-9)?
0
Suppose 0 = k + x - 292, 4*k - 1170 = -4*x + 2*x. What is the units digit of k?
3
Let r = -613 + 879. What is the hundreds digit of r?
2
Suppose m = a - 69, 2*m - 9 = 4*a - 275. Suppose v = -0*v + a. What is the units digit of v?
4
Suppose 0 = 247*m - 246*m - 362. What is the hundreds digit of m?
3
Let m be (-1)/(63/(-15) - -4). Suppose -l = -3, m*x - 33 = -2*l + 18. Suppose 3*u = x, 0 = 4*t - 5*u - 22 - 7. What is the tens digit of t?
1
Suppose 4*j + f = 4953, -2*f + 4*f - 2 = 0. What is the hundreds digit of j?
2
Let t = 156 - -289. What is the hundreds digit of t?
4
Let o be 30/50 + 4114/10. Suppose -v + 114 = 5*a - 3*a, -4*v + 3*a + o = 0. What is the hundreds digit of v?
1
Let o be 6/(-30) + (-2298)/(-15). Suppose s + 2*s - o = 0. What is the tens digit of s?
5
Let g = 886 + -509. What is the hundreds digit of g?
3
Suppose 2 = -3*f + 8. Let c be 7/((-21)/(-6)) + 3. Suppose 0*v = 2*v - c*i - 99, f*v + 2*i - 106 = 0. What is the tens digit of v?
5
Let v = 911 - 547. Suppose -v = -3*n + 5. What is the units digit of n?
3
Suppose 4*y = 20, 4*y + 3587 = 2*l + 189. What is the tens digit of l?
0
Let b(d) = -d**2 + 13*d + 9. Let n be b(11). Suppose -2*k + n + 11 = 0. What is the units digit of k?
1
Let d = -112 + 175. Suppose -10*w + d = -w. What is the units digit of w?
7
What is the units digit of -7*(-2)/7 - -99?
1
Suppose 5*s + 207 = -8. Let y = -2 - s. What is the units digit of y?
1
Let o(u) = u**3 - 10*u**2 + 8*u + 9. Let w be o(9). Suppose 0*v + v - 21 = w. What is the tens digit of v?
2
Suppose -5*o + 4*v + 6 + 18 = 0, -5*o - 2*v + 18 = 0. Suppose -m - 2*d - 62 = m, 3*m - o*d + 58 = 0. Let j = m + 36. What is the tens digit of j?
1
Suppose -2*p = 2*p + 20, 2*m - p - 705 = 0. What is the tens digit of m?
5
What is the units digit of (-2 + 4/(-10))*330*-1?
2
Suppose 2 = 3*h + c, 4*h + 3*c - 6 = h. Suppose -3*l + h*l = -6. Suppose -3*y + 19 = -l*y. What is the tens digit of y?
1
Suppose p = -3*b + 1665, -2231 = -4*b - 2*p - 3*p. What is the tens digit of b?
5
Let u = -805 + 3045. What is the tens digit of u?
4
Suppose 25*t - 21*t = 4568. What is the thousands digit of t?
1
Suppose 5*r = 3898 + 5967. What is the thousands digit of r?
1
Suppose 0 = 5*a + 1214 + 1531. Let w = -390 - a. What is the tens digit of w?
5
Let q = 37 + -30. What is the units digit of 58/1 + (5 - q)?
6
Let q(t) = 5*t + 3 + 3 - 8. Let a be q(1). Suppose 4*f - a*j - 75 = 0, 0 = 2*j - 0*j + 10. What is the units digit of f?
5
Let q(g) = 3*g**3 + 2*g**2 - 3*g + 3. Let r be q(2). Let u = -22 + r. What is the units digit of u?
7
Let y(h) = 39*h**2 + 3*h - 1. Let r be y(4). Suppose -3*j + r = 2*j. Suppose -j = -5*l - 27. What is the tens digit of l?
2
Let o(i) = -580*i**2 + i - 1. Let n be o(1). Let y be 1/(-3 - n/192). Suppose 3*t - 2*c = 2*c + y, 0 = -4*t + c + 77. What is the tens digit of t?
2
Let v(d) = -d**3 + 14*d**2 + 16*d - 12. Let t be v(15). Suppose -561 = -4*j + x, 0 = -2*j - t*x + x + 288. What is the units digit of j?
1
Suppose 4*p + 0*p - 8 = 0. Suppose -5*d = -3*a - 164 - 85, 0 = -d + p*a + 54. Suppose -d = 2*y - 6*y. What is the tens digit of y?
1
What is the thousands digit of (-2 + 1)/(-1 + (-3090)/(-3093))?
1
Suppose 0 = 5*r - 1601 - 5344. What is the tens digit of r?
8
Let j(u) = -u**3 + 7*u**2 - 2*u - 5. Let z be (-8)/10*180/(-24). What is the units digit of j(z)?
9
Let a = 45 + -42. Let q(i) = i**3 - 4*i**2 + 12*i. What is the units digit of q(a)?
7
Suppose 15*x - 12 = 48. What is the hundreds digit of (-1)/((-18)/48)*177/x?
1
Let x(y) = -y**3 + 11*y**2 - 13*y + 7. Suppose 3*r - 3*f = 33, -f = -3*r + 13 + 12. What is the tens digit of x(r)?
1
Suppose -1197 = -7*o + 126. What is the hundreds digit of o?
1
Suppose 5*i - b - 6710 = 0, -2*i + 5*b + 3585 = 924. What is the units digit of i?
3
Let x(w) = -2*w + 29. Let b = 25 - 36. What is the tens digit of x(b)?
5
Let a = 216 + -94. Suppose a = 2*t + 28. What is the tens digit of t?
4
Let f(p) = -p**3 - 21*p**2 - 25*p - 9. What is the tens digit of f(-20)?
9
Let a(w) = w**2 - 635 - 635 + 1259 - 5*w. Suppose f + 2*f = 2*y - 22, 5*f = -5*y + 30. What is the units digit of a(y)?
3
Let n(x) = 20*x + 7. Let m be n(6). Suppose 0 = 5*z + 3*q - 213, 0 = z + 2*z + 2*q - m. What is the units digit of z?
5
Let x(u) = 3*u - 3*u - u + 20 + 56. What is the tens digit of x(21)?
5
What is the units digit of (-2)/15 - 9788/(-60)?
3
Let y be 2530/(-35) + 4/14. Let s be 2470/18 + 16/y. Suppose s = 5*f + k, 0*f + 155 = 5*f - 5*k. What is the units digit of f?
8
Let x be ((-18)/(-10))/(2/10). Let s(m) = -8*m**2 - 4*m - 2*m**2 + 11*m**2 + 17. What is the tens digit of s(x)?
6
Let s = 9 + -10. Let c be 0/((-4)/((-2)/s)). Suppose k - 6*k + 70 = 3*y, c = -3*y - 15. What is the tens digit of k?
1
Let b be 7 - 5 - (-7)/((-14)/(-600)). Suppose 0 = -2*h - 4, -6*c + 2*c - h = -b. What is the units digit of c?
6
Let v(b) = 11*b - 14. Let x be v(-8). Let w = x - -162. What is the tens digit of w?
6
Let f(n) = -n**3 + n + 3. Let x be f(-5). Suppose 0 = -3*m - 2*v - 23 + 158, 3*m - 2*v = x. Suppose m = 5*h - 72. What is the tens digit of h?
2
Let k(p) = -92*p. Let y = 29 + -31. Let s be k(y). What is the tens digit of (s/24)/((-1)/(-3))?
2
Suppose -1399 = -2*a + 4*g + 7421, -3*a = -3*g - 13221. What is the tens digit of a?
0
Suppose 4*k = -2*v + 2014, 2*k - 1509 = -k - v. What is the tens digit of k?
0
Let i(l) = -17*l - 30. Let b be (2 - 12) + (-1 + 9)/(-4). What is the hundreds digit of i(b)?
1
Suppose 5*w + 695 = 5*b - 8915, 4*b - 7670 = -2*w. What is the tens digit of b?
1
Suppose -376 = 2*b - 1426. What is the units digit of b?
5
Suppose -252*v + 20352 = -244*v. What is the tens digit of v?
4
Let n(z) = 15*z**2 - 7*z - 6. What is the tens digit of n(6)?
9
Let m be 1/((3/9)/(298/6)). Let y = m + -37. What is the tens digit of y?
1
What is the tens digit of 4*(-354)/(-16)*14?
3
What is the units digit of (-204886)/(-268) - (0 + (-2)/4)?
5
Suppose 389*l + 14310 = 399*l. What is the hundreds digit of l?
4
Let v = -79 + 135. Let o = v - -205. What is the hundreds digit of o?
2
Let c = 6 + 10. Suppose -r + 2*q + 23 = 0, 33 = 2*r - q - c. Let o = -6 + r. What is the tens digit of o?
1
Let a(d) = d**3 + 8*d**2 - 6*d - 8. Let q(w) = -w + 2. Let v be q(8). Let x be a(v). Suppose -2*g + x = 24. What is the tens digit of g?
3
Let o(r) = -86*r + 49. What is the units digit of o(-5)?
9
Suppose -17*l + 2*l = -39195. What is the hundreds digit of l?
6
Suppose g - 2*r = 6, -5*g + 4*r - 9*r + 30 = 0. What is the tens digit of g/((-12)/10) + 163?
5
Let j(h) be the first derivative of -3*h**4/4 + h**3/3 - h + 3. Let g be j(-1). Suppose -2*r = 4*m - 56, -g*r + 36 = 2*m - 0*r. What is the units digit of m?
2
Let v be 0/(-1)*(2 - 3) + 2. Suppose -v*b = 4*d - 380, 23 - 121 = -d - 2*b. What is the tens digit of d?
9
Let m = 3 - 3. Suppose q + m = -3. Let n = q + 4. What is the units digit of n?
1
Let l be (10/45 - (-14)/18)*-286. Let t = -125 - l. What is the tens digit of t?
6
Let s(g) be the first derivative of 5*g**3/6 - 11*g**2/2 - 4*g - 3. Let x(o) be the first derivative of s(o). What is the tens digit of x(8)?
2
Let u = -22 - -22. Suppose -9*t + 13*t - 240 = u. What is the tens digit of t?
6
Let x(o) = o**3 - 2*o**2 + 1. Suppose 12 = -4*k - 4. Let b be 0 - 6*2/k. What is the units digit of x(b)?
0
Let s(d) = 10*d. Let q be s(-1